{"id":100,"date":"2020-01-01T15:46:50","date_gmt":"2020-01-01T15:46:50","guid":{"rendered":"http:\/\/jcwood.de\/?page_id=100"},"modified":"2025-06-09T08:23:41","modified_gmt":"2025-06-09T08:23:41","slug":"publications","status":"publish","type":"page","link":"https:\/\/jcwood.de\/?page_id=100","title":{"rendered":"Publication list"},"content":{"rendered":"<h3>Monographs<\/h3>\n<p><em>Kriminalit\u00e4t in Gesellschaft und Kultur (Crime in Society and Culture)\u00a0<\/em> (G\u00f6ttingen: Vandenhoeck &amp; Ruprecht, currently being developed, probable publication in 2026).<\/p>\n<p><em>\u201cThis is your hour\u201d: Christian Intellectuals in Britain and the Crisis of Europe, 1937\u20131949<\/em> (Manchester: Manchester University Press, 2019). (<a href=\"https:\/\/manchesteruniversitypress.co.uk\/9781526152565\/\">Now available as a paperback!<\/a>)<\/p>\n<p><em>The Most Remarkable Woman in England: Poison, Celebrity and the Trials of Beatrice Pace<\/em> (Manchester: Manchester University Press, 2012).<\/p>\n<p><em>Violence and Crime in Nineteenth-Century England: The Shadow of Our Refinement<\/em> (London: Routledge, 2004).<\/p>\n<h3>Edited Collections<\/h3>\n<p>Special issue: &#8220;Christian Modernities in Twentieth-Century Britain and Ireland&#8221;, <a href=\"https:\/\/www.tandfonline.com\/toc\/fcbh20\/34\/4\"><em>Contemporary British History<\/em> 34<\/a>, no. 4 (2020). Published as: <em>Christian Modernities in Britain and Ireland in the Twentieth Century<\/em> (Taylor and Francis, 2023)<\/p>\n<p><em>Christianity and National Identity in Twentieth-Century Europe: Conflict, Community and the Social Order<\/em> (G\u00f6ttingen: Vandenhoek &amp; Ruprecht, 2016). (<a href=\"https:\/\/www.vr-elibrary.de\/doi\/book\/10.13109\/9783666101496\">OPEN ACCESS<\/a>)<\/p>\n<p>(with Paul Knepper) Special issue: \u201cCrime Stories: Criminality, Policing and the Press in Inter-war European and Transatlantic Perspectives\u201d, <em>Media History<\/em> 20, no. 4 (2014).<\/p>\n<h3>Articles, Essays and Chapters<\/h3>\n<p>\u201cTechnology, Faith and the Reception of Secular Social Thought among Christian Intellectuals in Mid-twentieth-century Britain\u201d (article in progress, intended submission 2026\/27)<\/p>\n<p>\u201cMaking the Word New (again): the <em>Bible for Today<\/em> (1941), Industrial Society and \u2018Modern\u2019 Christianity\u201d (article in progress, intended submission 2026\/27)<\/p>\n<p>\u201c\u2018The Laws and Values Not Made by Man\u2019: Christian Intellectuals in Britain and the Challenge of the Technological Society, 1930s\u20131950s\u201d, in <em>Sakralisierung &#8211; Disziplin\u00e4re Zug\u00e4nge und empirische Forschungsperspektiven<\/em>, ed. Johannes Paulmann and Jan Kusber (Vandenhoeck &amp; Ruprecht, forthcoming 2027).<\/p>\n<p>&#8220;Crime, Media and Modernity in the Twentieth Century&#8221;, in <em>A Global History of Crime and Punishment in the Modern Age<\/em>, ed. Paul Lawrence (London: Bloomsbury, 2023), 165-185.<\/p>\n<p>&#8220;&#8216;The Rightful Purpose of Things&#8217;: The World Council of Churches and the Technological Society, 1937\u20131948&#8221;, in <em>Rethinking the Sacred in Modern European History<\/em>, ed. Bernhard Gi\u00dfibl and Andrea Hofmann (Vandenhoek &amp; Ruprecht, 2023), 191-212, Open Access: <a href=\"https:\/\/www.vr-elibrary.de\/doi\/abs\/10.13109\/9783666302459.191\">https:\/\/www.vr-elibrary.de\/doi\/abs\/10.13109\/9783666302459.191<\/a><\/p>\n<p>&#8220;Introduction: Christian Modernities in Britain and Ireland in the Twentieth Century&#8221;, <em>Contemporary British History<\/em> 34, no. 4 (2020): 495\u2013509, DOI: <a href=\"https:\/\/doi.org\/10.1080\/13619462.2020.1789458\">https:\/\/doi.org\/10.1080\/13619462.2020.1789458<\/a><\/p>\n<p>&#8220;Going &#8216;Part of the Way Together&#8217;: Christian Intellectuals, Modernity and the Secular in 1930s and 1940s Britain&#8221;, <em>Contemporary British History<\/em> 34, no. 4 (2020): 580\u2013602, DOI: <a href=\"https:\/\/doi.org\/10.1080\/13619462.2020.1801428\">https:\/\/doi.org\/10.1080\/13619462.2020.1801428<\/a><\/p>\n<p>&#8220;Sympathies and Scandals: (Counter-)Narratives of Criminality and Policing in Inter-War Britain&#8221;, in Martina Althoff, Bernd Dollinger and Holger Schmidt (ed.), <i>Conflicting Narratives of Crime and Punishment<\/i> (Cham: Springer International Publishing, 2020), 161\u2013180. DOI: <a href=\"https:\/\/doi.org\/10.1007\/978-3-030-47236-8_8\">https:\/\/doi.org\/10.1007\/978-3-030-47236-8_8<\/a><\/p>\n<p>(with Johannes Paulmann and Fabian Cremer): &#8220;Linkage &#8211; Digitale Gegenwart und Zukunft historischer Forschung. Die Ziele der Konsortialinitiative 4Memory&#8221;, <a href=\"https:\/\/www.historikerverband.de\/\/fileadmin\/_vhd\/vhd_journal_2020-09_screen.pdf\"><em>VHD Journal<\/em>,<\/a> 2020, 26-34.<\/p>\n<p>(with Johannes Paulmann), &#8220;Die digitale Integration von historischer Forschung, Ged\u00e4chtniseinrichtungen und Infrastrukturen\u201c in <a href=\"https:\/\/landesarchiv.hessen.de\/sites\/landesarchiv.hessen.de\/files\/HHStA%20ARCHIVnachrichten_Sonder_2020_screen.pdf\"><em>Archivnachrichten aus Hessen<\/em><\/a>, special issue (Summer 2020), 77-81.<\/p>\n<p>&#8220;Cometh the Hour, Cometh the Group&#8221;, <a href=\"https:\/\/www.churchtimes.co.uk\/articles\/2019\/31-may\/features\/features\/cometh-the-hour-cometh-the-group\" target=\"_blank\" rel=\"noopener\"><em>Church Times<\/em><\/a>, 31 May 2019.<em><br \/>\n<\/em><\/p>\n<p>\u201cWhen Personalism Met Planning: Jacques Maritain and a British Christian Intellectual Network, 1937\u20131949\u201d, in Rajesh Heynickx und St\u00e9phane Symons (ed.), <em>So What&#8217;s New about Scholasticism? How Neo-Thomism Helped Shape the Twentieth Century<\/em> (Berlin\/London: Walter De Gruyter, 2018), 77\u2013108.<\/p>\n<p>\u201cFuture Research Agendas on Violent Crime: The Challenges to History from Evolutionary Psychology\u201d, in special issue on future agendas in crime history: <em>Crime, Histoire &amp; Soci\u00e9t\u00e9s \/ Crime, History and Societies<\/em> 21, no. 2 (2017): 351\u2013359. DOI: <a href=\"https:\/\/doi.org\/10.4000\/chs.2036\">https:\/\/doi.org\/10.4000\/chs.2036<\/a><\/p>\n<p>\u201cBlessed is the Nation? Christianity and National Identity in Twentieth-Century Europe\u201d, in <em>Christianity and National Identity in Twentieth-Century Europe: Conflict, Community, and the Social Order<\/em>, ed. John Carter Wood (G\u00f6ttingen: Vandenhoek &amp; Ruprecht, 2016), 11\u201331.<\/p>\n<p>\u201c\u2018The rock of human sanity stands in the sea where it always stood\u2019: Britishness, Christianity, and the Experience of (Near) Defeat, 1937\u20131941\u201d, in <em>Christianity and National Identity in Twentieth-Century Europe: Conflict, Community, and the Social Order<\/em>, ed. John Carter Wood (G\u00f6ttingen: Vandenhoek &amp; Ruprecht, 2016), 131\u2013148.<\/p>\n<p>\u201c\u2018A fundamental re-orientation of outlook\u2019: Religi\u00f6se Intellektuelle und das Ziel einer \u2018christlichen Gesellschaft\u2019 in Gro\u00dfbritannien, 1937-1949\u201d, in <em>Kulturelle Souver\u00e4nit\u00e4t \u2013 Politische Deutungs\u2010 und Handlungsmacht jenseits des Staates im 20. Jahrhundert<\/em>, ed. Johannes Paulmann, Gregor Feindt, and Bernhard Gi\u00dfibl (G\u00f6ttingen: Vandenhoeck &amp; Ruprecht, 2016), 165\u2013194.<\/p>\n<p>\u201cCrime News and the Press\u201d, in <em>The Oxford Handbook of the History of Crime and Criminal Justice<\/em>, ed. Paul Knepper and Anja Johansen (Oxford: Oxford University Press, 2016), 301\u2013319.<\/p>\n<p>(with Peter King) \u201cBlack People and the Criminal Justice System: Prejudice and Practice in Later Eighteenth- and Early Nineteenth-Century London\u201d, <em>Historical Research<\/em> 88 (2015): 100\u2013124. DOI: <a href=\"https:\/\/doi.org\/10.1111\/1468-2281.12063\">https:\/\/doi.org\/10.1111\/1468-2281.12063<\/a><\/p>\n<p>(with Paul Knepper) \u201cCrime Stories: Criminality, Policing and the Press in Inter-war European and Transatlantic Perspectives\u201d, <em>Media History<\/em> 20, no. 4 (2014): 345\u2013351. DOI: <a href=\"https:\/\/doi.org\/10.1080\/13688804.2014.949409\">https:\/\/doi.org\/10.1080\/13688804.2014.949409<\/a><\/p>\n<p>\u201cThe Constables and the Garage Girl: The Police, the Press, and the Case of Helene Adele\u201d, <em>Media History<\/em> 20, no. 4 (2014): 384\u2013399. <a href=\"https:\/\/doi.org\/10.1080\/13688804.2014.949421\">https:\/\/doi.org\/10.1080\/13688804.2014.949421<\/a><\/p>\n<p>\u201cZwischen Mammon und Marx: Christliche Kapitalismuskritik in Gro\u00dfbritannien 1930-39\u201d, in <em>Religion und Kapitalismus<\/em>, ed. Robert K\u00f6nig (Kaltenleutgeben: Ferstl &amp; Perz, 2014), 147\u2013176.<\/p>\n<p>\u201cPublic Opinion and the Rhetoric of Police Powers in 1920s Britain\u201d, in Justice et espaces publics en Occident de l&#8217;Antiquit\u00e9 \u00e0 nos jours: Pouvoirs, Publicit\u00e9 et Citoyennet\u00e9, ed. Pascal Bastien, Donald Fyson, Jean-Philippe Garneau, and Thierry Nootens (Quebec: Presses de l&#8217;Universit\u00e9 de Qu\u00e9bec, 2014), 327\u2013337.<\/p>\n<p>\u201cDrinking, Fighting and Working-Class Sociability in Nineteenth-Century Britain\u201d, in <em>Drink in the Eighteenth and Nineteenth Centuries<\/em>, ed. Susanne Schmid and Barbara Schmidt-Haberkamp (London: Pickering and Chatto, 2014), 71\u201380.<\/p>\n<p>\u201cWatching the Detectives (and the Constables): Fearing the Police in 1920s Britain\u201d, in <em>Moral Panics, Social Fears, and the Media: Historical Perspectives<\/em>, ed. Sian Nicholas and Tom O&#8217;Malley (Abingdon: Routledge, 2013), 147\u2013161.<\/p>\n<p>\u201c\u2018German Foolishness\u2019 and the \u2018Prophet of Doom\u2019: Oswald Spengler and the Inter-war British Press\u201d, in <em>Oswald Spengler als europ\u00e4isches Ph\u00e4nomen. Der Transfer der Kultur- und Geschichtsmorphologie im Europa der Zwischenkriegszeit (1919-1939)<\/em>, ed. Zaur Gasimov and Carl Antonius Lemke Duque (G\u00f6ttingen: Vandenhoeck &amp; Ruprecht, 2013): 157\u2013184.<\/p>\n<p>\u201cPress, Politics and the \u2018Police and Public\u2019 Debates in Late 1920s Britain\u201d, <em>Crime, Histoire &amp; Soci\u00e9t\u00e9s \/ Crime, History and Societies<\/em> 16, no. 1 (2012): 75\u201398. <a href=\"https:\/\/doi.org\/10.4000\/chs.1324\">https:\/\/doi.org\/10.4000\/chs.1324<\/a><\/p>\n<p>\u201c\u2018Going mad is their only way of staying sane\u2019: Norbert Elias and the Civilised Violence of J.G. Ballard\u201d, in <em>J.G. Ballard: Visions and Revisions<\/em>, ed. Jeannette Baxter and Rowland Wymer (London: Palgrave, 2011), 198\u2013214.<\/p>\n<p>\u201cA Change of Perspective: Integrating Evolutionary Psychology into the Historiography of Violence\u201d, <em>British Journal of Criminology<\/em> 51 (2011): 479\u2013498. DOI: <a href=\"https:\/\/doi.org\/10.1093\/bjc\/azq077\">https:\/\/doi.org\/10.1093\/bjc\/azq077<\/a><\/p>\n<p>\u201cReading Spaces and Reading Violence in Nineteenth-Century Britain\u201d, <em>Journal for the Study of British Cultures<\/em> 17, no. 2 (2010): 133\u2013143.<\/p>\n<p>\u201c\u2018The Third Degree\u2019: Press Reporting, Crime Fiction and Police Powers in 1920s Britain\u201d, <em>Twentieth Century British History<\/em>, 21, no. 4 (2010): 464\u2013485. <a href=\"https:\/\/doi.org\/10.1093\/tcbh\/hwq032\">https:\/\/doi.org\/10.1093\/tcbh\/hwq032<\/a><\/p>\n<p>(with Anja M\u00fcller-Wood) \u201cHow Is Culture Biological? Violence: Real and Imagined\u201d, <em>Politics and Culture<\/em> (2010, Issue 1, Bioculture: Evolutionary Cultural Studies, <a href=\"https:\/\/www.politicsandculture.org\/2010\/04\/28\/contents-2\/\">https:\/\/www.politicsandculture.org\/2010\/04\/28\/contents-2\/<\/a>).<\/p>\n<p>\u201c\u2018Those Who Have Had Trouble Can Sympathise with You\u2019: Press Writing, Reader Responses and a Murder Trial in Interwar Britain\u201d, <em>Journal of Social History<\/em> 43, no. 2 (2009): 439\u2013462. DOI: <a href=\"https:\/\/doi.org\/10.1353\/jsh.0.0277\">https:\/\/doi.org\/10.1353\/jsh.0.0277<\/a><\/p>\n<p>\u201c\u2018Mrs. Pace\u2019 and the Ambiguous Language of Victimisation\u201d, in <em>(Re)Interpretations: The Shapes of Justice in Women\u2019s Experience<\/em>, ed. Lisa Dresdner and Laurel Peterson (Newcastle: Cambridge Scholars Publishing, 2009), 79\u201393.<\/p>\n<p>(with Anja M\u00fcller-Wood) \u201cBringing the Past to Heel: History, Identity and Violence in Ian McEwan\u2019s Black Dogs\u201d, <em>Literature and History<\/em> 16, no. 2 (2007): 43\u201356. DOI: <a href=\"https:\/\/doi.org\/10.7227\/LH.16.2.4\">https:\/\/doi.org\/10.7227\/LH.16.2.4<\/a><\/p>\n<p>\u201cEvolution, Civilization and History: A Response to Wiener and Rosenwein\u201d, <em>Cultural and Social History<\/em> 4, no. 4 (2007): 559\u2013565. DOI: <a href=\"https:\/\/doi.org\/10.2752\/147800407X243541\">https:\/\/doi.org\/10.2752\/147800407X243541<\/a><\/p>\n<p>\u201cThe Limits of Culture? Society, Evolutionary Psychology and the History of Violence\u201d, <em>Cultural and Social History<\/em> 4, no. 1 (2007): 95\u2013114. DOI: <a href=\"https:\/\/doi.org\/10.1080\/14780038.2007.11425739\">https:\/\/doi.org\/10.1080\/14780038.2007.11425739<\/a><\/p>\n<p>\u201cLocating Violence: The Spatial Production and Construction of Physical Aggression\u201d, in <em>Assaulting the Past: Violence and Civilization in Historical Context<\/em>, ed. Katherine D. Watson (Newcastle: Cambridge Scholars Publishing, 2007), 20\u201337.<\/p>\n<p>\u201cConceptualising Cultures of Violence and Cultural Change\u201d, in <em>Cultures of Violence: Interpersonal Violence in Historical Perspective<\/em>, ed. Stuart Carroll (London: Macmillan, 2007), 79\u201396.<\/p>\n<p>\u201cCriminal Violence in Modern Britain\u201d, <em>History Compass<\/em> 4, no. 1 (2006): 77\u201390. DOI: <a href=\"https:\/\/doi.org\/10.1111\/j.1478-0542.2005.00200.x\">https:\/\/doi.org\/10.1111\/j.1478-0542.2005.00200.x<\/a><\/p>\n<p>\u201cThe Process of Civilization (and its Discontents): Violence, Narrative and History\u201d, in <em>Discourses of Violence &#8211; Violence of Discourses: Critical Interventions, Transgressive Readings and Post-National Negotiations<\/em>, ed. Dirk Wiemann, Agata Stopinska, Anke Bartels and Johannes Angerm\u00fcller (Frankfurt: Peter Lang, 2005), 117\u2013128.<\/p>\n<p>\u201cA Useful Savagery: The Invention of Violence in Nineteenth-Century England\u201d, <em>Journal of Victorian Culture<\/em> 9, no. 1 (2004): 22\u201342. DOI: <a href=\"https:\/\/doi.org\/10.3366\/jvc.2004.9.1.22\">https:\/\/doi.org\/10.3366\/jvc.2004.9.1.22<\/a><\/p>\n<p>\u201cIt\u2019s a Small World After All? Reflections on Violence in Comparative Perspectives\u201d, in <em>Comparative Histories of Crime<\/em>, ed. Barry Godfrey, Clive Emsley and Graeme Dunstall (Cullompton: Willan, 2003), 36\u201352.<\/p>\n<p>\u201cSelf-Policing and the Policing of the Self: Violence, Protection and the Civilising Bargain in Britain\u201d, <em>Crime, Histoire &amp; Soci\u00e9t\u00e9s \/ Crime, History and Societies<\/em> 7, no. 1 (2003): 109\u2013128. DOI: <a href=\"https:\/\/doi.org\/10.4000\/chs.614\">https:\/\/doi.org\/10.4000\/chs.614<\/a><\/p>\n<h3>Shorter articles and reviews<\/h3>\n<p>Review of Callum G. Brown, David Nash and Charlie Lynch, <em>The Humanist Movement in Modern Britain: A History of Ethicists, Rationalists and Humanists<\/em> in <em>Contemporary British History<\/em> (forthcoming).<\/p>\n<p>Review of Andrew Chandler, <em>British Christians and the Third Reich: Church, State, and the Judgement of Nations<\/em> in <em>German Historical Institute London Bulletin <\/em>Vol. XLVI, No. 1 (May 2024): 94\u2013100.<\/p>\n<p>Review of Eloise Moss, <em>Night Raiders: Burglary and the Making of Modern Urban Life in London, 1860\u20131968<\/em> in <em>Cultural and Social History<\/em> 17.4 (2020): 579-580.<\/p>\n<p>&#8220;Hearing the Unspoken Histories&#8221; (review of Peter K. Andersson, <em>Silent History: Body Language and Nonverbal Identity, 1860\u20131914<\/em>), in <em>Journal of Victorian Culture<\/em> 25.2 (2020): 322-326.<\/p>\n<p>Review of Maren Tribukait, <em>Gef\u00e4hrliche Sensationen. Die Visualisierung von Verbrechen in deutschen und amerikanischen Pressefotografien 1920-1970<\/em> in <em>Jahrbuch f\u00fcr Kommunikationsgeschichte <\/em>20 (2018): 230\u2013231.<\/p>\n<p>Review of Hans Joas, <em>Die Macht des Heiligen. Eine Alternative zur Geschichte von der Entzauberung<\/em>, in<em> Rottenburger Jahrbuch f\u00fcr Kirchengeschichte<\/em> 37 (2018): 275\u2013276.<\/p>\n<p>Review of Christopher Hilliard, <em>The Littlehampton Libels: A Miscarriage of Justice and a Mystery about Words in 1920s England<\/em> in <em>Cultural and Social History<\/em> 15.4 (2018): 617\u2013618.<\/p>\n<p>Review of Richard Mc Mahon, <em>Homicide in Pre-Famine and Famine Ireland<\/em> in <em>Crime, Histoire &amp; Soci\u00e9t\u00e9s \/ Crime, History and Societies<\/em> 22.1 (2018): 147\u2013149.<\/p>\n<p>Review of Drew D. Gray, <em>Crime, Policing and Punishment in England, 1660\u20131914<\/em> in <em>Journal of British Studies<\/em> 56.2 (2017): 426\u2013428.<\/p>\n<p>Review of Louise Jackson and Angela Bartie, <em>Policing Youth: Britain 1945\u20131970<\/em> in <em>Economic History Review<\/em> 68.3 (2015): 1081\u20131082.<\/p>\n<p>Review of Pieter Spierenburg, <em>Violence and Punishment. Civilizing the Body through Time<\/em> in <em>Crime, Histoire &amp; Soci\u00e9t\u00e9s \/ Crime, History and Societies<\/em> 18.2 (2014): 158\u2013161.<\/p>\n<p>Review of Rosalind Crone, <em>Violent Victorians: Popular Entertainment in Nineteenth-Century London<\/em> in the <em>Journal of Social History<\/em> 48, no. 1 (2014): 205\u2013207.<\/p>\n<p>Review of Judith Rowbotham, Marianna Muravyeva and David Nash, eds, <em>Shame, Blame and Culpability: Crime and Violence in the Modern State<\/em> in <em>Law, Crime and History<\/em> 3, no. 2 (2013): 183\u2013186.<\/p>\n<p>Review of Haia Shpayer-Makov, <em>The Ascent of the Detective: Police Sleuths in Victorian and Edwardian England in Reviews<\/em> in <em>History<\/em> (May 2013) (<a href=\"http:\/\/www.history.ac.uk\/reviews\/review\/1409\">http:\/\/www.history.ac.uk\/reviews\/review\/1409<\/a>).<\/p>\n<p>Review of Monica Flegel, <em>Conceptualizing Cruelty to Children in Nineteenth-Century England<\/em> in <em>Nineteenth-Century Prose<\/em> 40, no. 2 (2013), 258\u2013261.<\/p>\n<p>Review of Joanne Klein, <em>Invisible Men: The Secret Lives of Police Constables in Liverpool, Manchester, and Birmingham, 1900-1939<\/em> in the <em>Journal of British Studies<\/em> 50, no. 4 (2011): 1016\u20131017.<\/p>\n<p>Review of David Taylor, <em>Hooligans, Harlots, and Hangmen: Crime and Punishment in Victorian Britain<\/em> in the<em> Journal of Social History<\/em> 45, no. 1 (2011): 310\u2013312.<\/p>\n<p>Review of Lisa Rosner, <em>The Anatomy Murders<\/em> in the <em>Journal of British Studies<\/em> 49 (2010): 919\u2013921.<\/p>\n<p>Review of Shani D&#8217;Cruze and Louise Jackson, <em>Women, Crime and Justice in England since 1660<\/em> in the <em>Economic History Review<\/em> 63, no. 3 (2010): 814\u2013815.<\/p>\n<p>Review of Pieter Spierenburg, <em>A History of Murder: Personal Violence in Europe from the Middle Ages to the Present<\/em> in the <em>Journal of Social History<\/em> 44, no. 1 (2010): 288\u2013290.<\/p>\n<p>Review essay on Anne-Marie Kilday, <em>Women and Violent Crime in Enlightenment Scotland<\/em> and Gregory Durston, <em>Victims and Viragos: Metropolitan Women, Crime and the Eighteenth-Century Justice System<\/em> in the<em> Journal of Social History<\/em> 43, no. 4 (2010): 1086\u20131090.<\/p>\n<p>Review of Richard Mc Mahon, ed., <em>Crime, Law and Popular Culture in Europe, 1500-1900<\/em> in the <em>Economic History Review<\/em> 62, no. 2 (2009): 496\u2013497.<\/p>\n<p>Review of Gregory Hanlon, <em>Human Nature in Rural Tuscany: An Early Modern History<\/em> in <em>Cultural and Social History<\/em> 6, no. 1 (2009): 122\u2013124.<\/p>\n<p>Review of Dan Vyleta, <em>Crime, Jews and News, Vienna 1895-1914<\/em> in <em>Cultural and Social History<\/em> 5, no. 2 (2008): 253\u2013255.<\/p>\n<p>\u201cRecent work on Elias and Violence: History, Evolutionary Psychology and Literature\u201d, <em>Figurations<\/em> 28 (December 2007): 6\u20138.<\/p>\n<p>Review of Stephen Kern, <em>A Cultural History of Causality: Science, Murder Novels and Systems of Thought<\/em> in <em>Cultural and Social History<\/em> 4, no. 4 (2007): 588\u2013589.<\/p>\n<p>Review of Clive Emsley, <em>Hard Men: Violence in England since 1750<\/em> in the <em>Journal of Social History<\/em> 40, no. 3 (2007): 766\u2013768.<\/p>\n<p>Review of Jennine Hurl-Eamon, <em>Gender and Petty Violence in London, 1680-1720<\/em> in the <em>Journal of Social History<\/em> 40, no. 2 (2006): 508\u2013510.<\/p>\n<p>Review of Martin Wiener, <em>Men of Blood: Violence, Manliness and Criminal Justice in Victorian England<\/em> in the <em>Journal of Social History<\/em> 39, no. 1 (2005): 266\u2013268.<\/p>\n<p>Review of Jeannie Duckworth, <em>Fagin&#8217;s Children<\/em> in <em>Albion<\/em> 36, no. 2 (2004): 309\u2013311.<\/p>\n<p>Review essay on Haia Shpayer-Makov, <em>The Making of a Policeman: A Social History of a Labour Force in Metropolitan London, 1829-1914<\/em> and David Taylor, <em>Policing the Victorian Town: The Development of the Police in Middlesbrough, c. 1840-1914<\/em> in the <em>Journal of Victorian Culture<\/em> 9, no. 1 (2004): 128\u2013133.<\/p>\n<p>Review of Louis A. Knafla, ed., <em>Policing and War in Europe<\/em>, in <em>Albion<\/em> 35, no. 3 (2003): 511\u2013513.<\/p>\n<p>Review of Thomas W. Gallant, <em>Experiencing Dominion: Culture, Identity and Power in the British Mediterranean<\/em> in the <em>Journal of Social History<\/em> 37, no. 1 (2003): 242\u2013244.<\/p>\n<p>Review of Shani D&#8217;Cruze, ed., <em>Everyday Violence in Britain 1850-1950: Gender and Class<\/em> in the <em>Journal of Social History<\/em> 36, no. 3 (2003): 813\u2013815.<\/p>\n<p>Review of Julius R. Ruff, Violence in Early Modern Europe, 1500-1800 in the <em>Journal of Social History<\/em> 36, no. 2 (2002): 479\u2013481.<\/p>\n","protected":false},"excerpt":{"rendered":"<p>Monographs Kriminalit\u00e4t in Gesellschaft und Kultur (Crime in Society and<span class=\"more-button\"><a href=\"https:\/\/jcwood.de\/?page_id=100\" class=\"more-link\">Continue reading<span class=\"screen-reader-text\">Publication list<\/span><\/a><\/span><\/p>\n","protected":false},"author":1,"featured_media":0,"parent":0,"menu_order":0,"comment_status":"closed","ping_status":"closed","template":"templates\/page-no-sidebar.php","meta":[],"_links":{"self":[{"href":"https:\/\/jcwood.de\/index.php?rest_route=\/wp\/v2\/pages\/100"}],"collection":[{"href":"https:\/\/jcwood.de\/index.php?rest_route=\/wp\/v2\/pages"}],"about":[{"href":"https:\/\/jcwood.de\/index.php?rest_route=\/wp\/v2\/types\/page"}],"author":[{"embeddable":true,"href":"https:\/\/jcwood.de\/index.php?rest_route=\/wp\/v2\/users\/1"}],"replies":[{"embeddable":true,"href":"https:\/\/jcwood.de\/index.php?rest_route=%2Fwp%2Fv2%2Fcomments&post=100"}],"version-history":[{"count":29,"href":"https:\/\/jcwood.de\/index.php?rest_route=\/wp\/v2\/pages\/100\/revisions"}],"predecessor-version":[{"id":335,"href":"https:\/\/jcwood.de\/index.php?rest_route=\/wp\/v2\/pages\/100\/revisions\/335"}],"wp:attachment":[{"href":"https:\/\/jcwood.de\/index.php?rest_route=%2Fwp%2Fv2%2Fmedia&parent=100"}],"curies":[{"name":"wp","href":"https:\/\/api.w.org\/{rel}","templated":true}]}}